{"id":5733,"date":"2023-03-13T16:12:24","date_gmt":"2023-03-13T15:12:24","guid":{"rendered":"https:\/\/materassimaxbel.it\/?post_type=product&#038;p=5733"},"modified":"2023-03-13T16:12:24","modified_gmt":"2023-03-13T15:12:24","slug":"avant-fissa","status":"publish","type":"product","link":"https:\/\/materassimaxbel.it\/?product=avant-fissa","title":{"rendered":"Avant Fissa"},"content":{"rendered":"<p>La rete Dorelan Avant Fissa \u00e8 una rete in grado di massimizzare le prestazioni sia di materassi a molle che di materassi in Myform, fornendo un appoggio ergonomico e una qualit\u00e0 del riposo uniforme sull&#8217;intera superficie.<\/p>\n<p>Tecnologie: Supporto doga Avant, Soft Shoulder e regolazione di rigidit\u00e0 ad elasticit\u00e0 costante.<\/p>\n<p>La rete Avant \u00e8 disponibile anche nella versione Elettrica.<\/p>\n<ul>\n<li>Larghezza doghe 38 mm<\/li>\n<li>Elementi 3D<\/li>\n<li>Telaio in legno verniciato 70x30mm<\/li>\n<li>Disponibile in 33 misure<\/li>\n<\/ul>\n","protected":false},"excerpt":{"rendered":"<p>La rete Dorelan Avant Fissa \u00e8 una rete in grado di massimizzare le prestazioni sia di materassi a molle che di materassi in Myform, fornendo un appoggio ergonomico e una qualit\u00e0 del riposo uniforme sull&#8217;intera superficie. Tecnologie: Supporto doga Avant, Soft Shoulder e regolazione di rigidit\u00e0 ad elasticit\u00e0 costante. La rete Avant \u00e8 disponibile anche &hellip;<\/p>\n<p class=\"read-more\"> <a class=\"\" href=\"https:\/\/materassimaxbel.it\/?product=avant-fissa\"> <span class=\"screen-reader-text\">Avant Fissa<\/span> Read More &raquo;<\/a><\/p>\n","protected":false},"featured_media":5734,"comment_status":"open","ping_status":"closed","template":"","meta":{"site-sidebar-layout":"default","site-content-layout":"default","ast-global-header-display":"","ast-main-header-display":"","ast-hfb-above-header-display":"","ast-hfb-below-header-display":"","ast-hfb-mobile-header-display":"","site-post-title":"","ast-breadcrumbs-content":"","ast-featured-img":"","footer-sml-layout":"","theme-transparent-header-meta":"default","adv-header-id-meta":"","stick-header-meta":"","header-above-stick-meta":"","header-main-stick-meta":"","header-below-stick-meta":""},"product_cat":[50,51],"product_tag":[],"_links":{"self":[{"href":"https:\/\/materassimaxbel.it\/index.php?rest_route=\/wp\/v2\/product\/5733"}],"collection":[{"href":"https:\/\/materassimaxbel.it\/index.php?rest_route=\/wp\/v2\/product"}],"about":[{"href":"https:\/\/materassimaxbel.it\/index.php?rest_route=\/wp\/v2\/types\/product"}],"replies":[{"embeddable":true,"href":"https:\/\/materassimaxbel.it\/index.php?rest_route=%2Fwp%2Fv2%2Fcomments&post=5733"}],"wp:featuredmedia":[{"embeddable":true,"href":"https:\/\/materassimaxbel.it\/index.php?rest_route=\/wp\/v2\/media\/5734"}],"wp:attachment":[{"href":"https:\/\/materassimaxbel.it\/index.php?rest_route=%2Fwp%2Fv2%2Fmedia&parent=5733"}],"wp:term":[{"taxonomy":"product_cat","embeddable":true,"href":"https:\/\/materassimaxbel.it\/index.php?rest_route=%2Fwp%2Fv2%2Fproduct_cat&post=5733"},{"taxonomy":"product_tag","embeddable":true,"href":"https:\/\/materassimaxbel.it\/index.php?rest_route=%2Fwp%2Fv2%2Fproduct_tag&post=5733"}],"curies":[{"name":"wp","href":"https:\/\/api.w.org\/{rel}","templated":true}]}}