{"id":5680,"date":"2023-03-10T15:42:25","date_gmt":"2023-03-10T14:42:25","guid":{"rendered":"https:\/\/materassimaxbel.it\/?post_type=product&#038;p=5680"},"modified":"2023-03-10T16:35:05","modified_gmt":"2023-03-10T15:35:05","slug":"yoyo","status":"publish","type":"product","link":"https:\/\/materassimaxbel.it\/?product=yoyo","title":{"rendered":"Yoyo"},"content":{"rendered":"<p>Il materasso Bultex Yoyo \u00e8 un materasso ergonomico in Bultex Core che offre sostegno, accoglienza ed elasticit\u00e0. La sua anima \u00e8 composta da una lastra in 100% Bultex Core con una speciale lavorazione a sette zone differenziate che ne esalta al massimo l&#8217;ergonomia, l&#8217;elasticit\u00e0 e l&#8217;assoluta precisione.<\/p>\n<p>Il rivestimento di Yoyo \u00e8 Practice ed \u00e8 disponibile in 5 differenti versioni:<\/p>\n<ul>\n<li>ICE CARE: fodera anallergica fresca<\/li>\n<li>SEASON: fodera climatizzata<\/li>\n<li>FEEL: fodera high comfort<\/li>\n<li>SLIM: fodera basso spessore<\/li>\n<li>ONE: fodera anallergica base<\/li>\n<\/ul>\n","protected":false},"excerpt":{"rendered":"<p>Il materasso Bultex Yoyo \u00e8 un materasso ergonomico in Bultex Core che offre sostegno, accoglienza ed elasticit\u00e0. La sua anima \u00e8 composta da una lastra in 100% Bultex Core con una speciale lavorazione a sette zone differenziate che ne esalta al massimo l&#8217;ergonomia, l&#8217;elasticit\u00e0 e l&#8217;assoluta precisione. Il rivestimento di Yoyo \u00e8 Practice ed \u00e8 &hellip;<\/p>\n<p class=\"read-more\"> <a class=\"\" href=\"https:\/\/materassimaxbel.it\/?product=yoyo\"> <span class=\"screen-reader-text\">Yoyo<\/span> Read More &raquo;<\/a><\/p>\n","protected":false},"featured_media":5681,"comment_status":"open","ping_status":"closed","template":"","meta":{"site-sidebar-layout":"default","site-content-layout":"default","ast-global-header-display":"","ast-main-header-display":"","ast-hfb-above-header-display":"","ast-hfb-below-header-display":"","ast-hfb-mobile-header-display":"","site-post-title":"","ast-breadcrumbs-content":"","ast-featured-img":"","footer-sml-layout":"","theme-transparent-header-meta":"default","adv-header-id-meta":"","stick-header-meta":"","header-above-stick-meta":"","header-main-stick-meta":"","header-below-stick-meta":""},"product_cat":[46,49],"product_tag":[],"_links":{"self":[{"href":"https:\/\/materassimaxbel.it\/index.php?rest_route=\/wp\/v2\/product\/5680"}],"collection":[{"href":"https:\/\/materassimaxbel.it\/index.php?rest_route=\/wp\/v2\/product"}],"about":[{"href":"https:\/\/materassimaxbel.it\/index.php?rest_route=\/wp\/v2\/types\/product"}],"replies":[{"embeddable":true,"href":"https:\/\/materassimaxbel.it\/index.php?rest_route=%2Fwp%2Fv2%2Fcomments&post=5680"}],"wp:featuredmedia":[{"embeddable":true,"href":"https:\/\/materassimaxbel.it\/index.php?rest_route=\/wp\/v2\/media\/5681"}],"wp:attachment":[{"href":"https:\/\/materassimaxbel.it\/index.php?rest_route=%2Fwp%2Fv2%2Fmedia&parent=5680"}],"wp:term":[{"taxonomy":"product_cat","embeddable":true,"href":"https:\/\/materassimaxbel.it\/index.php?rest_route=%2Fwp%2Fv2%2Fproduct_cat&post=5680"},{"taxonomy":"product_tag","embeddable":true,"href":"https:\/\/materassimaxbel.it\/index.php?rest_route=%2Fwp%2Fv2%2Fproduct_tag&post=5680"}],"curies":[{"name":"wp","href":"https:\/\/api.w.org\/{rel}","templated":true}]}}